hat is the highest common divisor of c and 1792?
14
Let n be 548/10 - 126/(-105). Let j(i) = i**2 - 2*i + 4. Let p be j(3). What is the greatest common factor of n and p?
7
Let d(k) = k**3 - 3*k**2 + 962. Let x be d(0). What is the highest common divisor of 148 and x?
74
Let q(u) = 4*u + 14*u**2 - 15*u + u**3 - 25*u**2. Let p = 28 + -16. Let n be q(p). What is the greatest common factor of 12 and n?
12
Let c(d) = d**3 - 10*d**2 - 9*d + 13. Let q be c(11). Let t be ((-20)/6)/((-4)/42). What is the highest common factor of t and q?
35
Let y = 538 + -532. Suppose -134 + 21 = -i + h, 5*h = 2*i - 211. Let z = i - 64. Calculate the greatest common divisor of z and y.
6
Suppose -5*z + 515 = 5*v, 407 = 4*z - v - 0*v. Let i be z - 1 - (-8)/(-4). Calculate the highest common factor of 9 and i.
9
Suppose -7*k = k - 40. Suppose 193 - 53 = k*n. Let r(j) = j + 7. Let i be r(-3). Calculate the greatest common factor of i and n.
4
Let b(j) = 9*j**2 - 5*j + 4. Let q be b(2). What is the highest common divisor of 15 and q?
15
Let a = 36 - 24. Let i be ((-30)/40)/(1/(-32)). What is the greatest common divisor of i and a?
12
Suppose 2*s = 2*f + 520, 2*f - 1099 = -4*s - 83. Let j(y) = 3*y + 2. Let o be j(10). What is the highest common factor of o and s?
32
Suppose 44 = 3*b + 4*t, 5*b + 3*t + 35 = 101. Suppose -9*f + 8 = x - 6*f, -4*f + 8 = x. What is the highest common factor of x and b?
4
Let q = 241 - 238. Calculate the highest common factor of q and 6.
3
Let k = 243 - -175. Calculate the highest common divisor of k and 19.
19
Let s = 47 - 19. Let f = -79 + 86. Let m be 28/49 + 290/f. What is the highest common factor of m and s?
14
Suppose 329 = -2*i + 5*l, 0*i - 500 = 3*i - l. Let g = 207 + i. Calculate the greatest common factor of 5 and g.
5
Let i(s) = s**3 - 22*s**2 - 47*s - 8. Let c be i(24). What is the highest common divisor of 64 and c?
16
Let f be (-1)/(-4)*2*0. Let v be (4 + f + 18)/(-2). Let n = v + 24. What is the greatest common divisor of 39 and n?
13
Suppose -35 = -d + 10. Let f be (15/d)/((-1)/(-231)). Calculate the greatest common factor of f and 7.
7
Let k = 1789 + -1689. What is the highest common divisor of k and 850?
50
Let s be (-4)/14 + (-4416)/(-21). Let t = -1397 - -1427. What is the highest common factor of s and t?
30
Let x = 385 + -343. What is the highest common divisor of x and 28?
14
Let y = 234 + -184. Calculate the highest common factor of 2500 and y.
50
Let y = 93 + -83. What is the highest common factor of y and 740?
10
Suppose 0 = -4*w - l + 646, 11*w - 14*w = -4*l - 475. What is the highest common factor of w and 7?
7
Let c = 80 - 116. Let p be 6/c - (-129)/18. Let s(k) = -k**3 + 6*k**2 + 10*k - 9. Let b be s(p). Calculate the highest common factor of b and 18.
6
Suppose -1 = -5*v + 9. Suppose 0 = -v*r - 3 + 21. Let h(s) = 82*s**2 - 2*s + 1. Let w be h(1). Calculate the greatest common factor of r and w.
9
Suppose 173*g - 170*g = 78. Suppose -2*u + 3*m + 65 = 0, 21 + 69 = 2*u + 2*m. Let z be (0 - 0) + -1 + u. What is the greatest common divisor of z and g?
13
Let w(i) = i**2 + 19*i - 75. Let s be w(-24). Suppose 6*x - 339 = s. Suppose 6*t = -4*z + t + 7, 3*t = 3*z - 39. What is the highest common divisor of x and z?
8
Let u = 143 + -137. Suppose 5*l - 355 = -5*n, 0 = -2*l + 5*l - u. What is the greatest common divisor of n and 23?
23
Let v(h) = 5 + 25*h - 12 + 5 + 17. Let u be v(6). Let j be (-1 + -59)/(-4) - 0. What is the greatest common factor of u and j?
15
Let v be 9 - (-23 - (-2 + 3)). Suppose 5*i - 25 = 3*q + 18, -56 = -4*i - 3*q. Calculate the highest common factor of i and v.
11
Let x be 162*2/(10/25). Suppose -9*n + x = 6*n. Calculate the greatest common divisor of 54 and n.
54
Let u = -991 - -2190. What is the highest common divisor of u and 44?
11
Let l be -11 - -8 - (0 + -6). Let b = 31 - l. What is the greatest common factor of b and 42?
14
Let f(k) = -13*k + 84. Let n be f(0). What is the greatest common factor of 60 and n?
12
Let s be -68*2/(-12)*9. Calculate the greatest common divisor of s and 68.
34
Let u = 8 + -6. Suppose 5*b - 58 = -4*a, -u*a - 2*b = 3*a - 81. Suppose -18*g + 17 = -17*g. Calculate the greatest common divisor of a and g.
17
Let w = 7 - 2. Suppose w*l - 1176 = -3*d, 0 = -l - 2*d - 2*d + 225. Suppose 3*r + 4*b = -0*r + 219, 3*r - 2*b = l. What is the highest common factor of 7 and r?
7
Suppose x - 6 = -w, w + 0*w = 3. Let f be 0 - x*-13 - -1. What is the greatest common factor of 16 and f?
8
Let o(i) = 19*i - 25. Let b be o(10). Let x be (-1)/(-4 - (-657)/b). What is the greatest common divisor of 5 and x?
5
Suppose 0 = o + 3*i - 41, -2*o - 2*o + 4*i + 84 = 0. Let n be (o/(-8) - (-1)/4) + 51. What is the highest common factor of n and 6?
6
Let o = 32 + -27. Suppose -1 = -o*p + 4, c - 46 = 2*p. What is the greatest common factor of 36 and c?
12
Let r = -55 + 58. Suppose 0 = -g - r*g + 240. Calculate the highest common divisor of 15 and g.
15
Suppose 0 = -4*c + 4, -5*w + 310 = 3*c + 2*c. Let f = w + -52. What is the greatest common divisor of f and 9?
9
Suppose -4*u = 3*d - 126, d + 4*u = u + 42. Let n(r) = 3 - 12 - 4*r**2 + 5*r**2 - r. Let a be n(-8). Calculate the highest common factor of a and d.
21
Suppose 0 = -33*w + 57 + 174. Let u be (7/2)/(3/36). Calculate the greatest common divisor of u and w.
7
Let m(y) = -3*y - 1. Let v be m(-3). Suppose 0*f - 3*l - 19 = -4*f, 0 = f - 4*l - v. Let n be (1 - 3)*f*-8. What is the greatest common divisor of 8 and n?
8
Let p(z) = 2*z**2 + 5*z + 4. Let h be p(-2). Let o be 1 - (h + -17) - -3. Calculate the highest common factor of o and 247.
19
Suppose 6*w - 2*w + 4*r = 552, w - 5*r = 162. Let s = -70 + w. Calculate the highest common factor of s and 9.
9
Let p(w) = 16*w**3 + 2*w**2 - 4*w - 5. Let a be p(-2). Let x = -92 - a. Calculate the highest common divisor of 200 and x.
25
Let i = 46 + -26. Let h = -2 - -6. Suppose h*q + i = 4*t, 0*t + 5*q - 35 = -t. Calculate the highest common divisor of 2 and t.
2
Let y = -27 - -3. Let p = 152 + y. Let c(m) = -m**3 - 9*m**2 - 30*m - 18. Let j be c(-5). Calculate the highest common factor of p and j.
32
Let c be (-9)/(-4 - -1) - -2. Let r be ((-1)/(-2))/(c/50). What is the highest common factor of r and 40?
5
Let z be ((-656)/205)/((-2)/15). What is the greatest common factor of z and 90?
6
Suppose 0 = 6*l + 292 - 388. Calculate the greatest common divisor of 32 and l.
16
Let w(d) = -d + 9. Let m be w(0). Suppose -3*a + 15 = -4*i + 5*i, 0 = -3*a + 3. Calculate the highest common divisor of i and m.
3
Let m = 480 + -246. Let w(x) = x**3 - 8*x**2 + 18*x - 10. Let k be w(6). What is the greatest common divisor of k and m?
26
Suppose 0 = 6*z - 10*z + 308. Calculate the highest common factor of 7 and z.
7
Let n be 32/8 - -164*5/10. Calculate the highest common divisor of n and 817.
43
Let n(w) be the first derivative of -w**4/4 + 8*w**3/3 + w**2 - 8*w + 16. Let i be n(7). What is the greatest common factor of i and 33?
11
Let t be 176*23/138*(-9)/(-2). Calculate the highest common divisor of t and 12.
12
Let k(d) = 6*d**2 - 3. Suppose f + 13 = -2*n, -5*n + 2*n + f - 12 = 0. Let q be k(n). Calculate the greatest common divisor of q and 21.
21
Suppose 3*b = -413 + 86. Let r = -61 - b. Calculate the greatest common divisor of 6 and r.
6
Let z = -70 - -125. Suppose 2*c - z = 5. Suppose 3*i = -u + 606, i - 227 = -2*u - c. Calculate the greatest common factor of i and 29.
29
Let j be (2280/21)/(56/196). Calculate the highest common factor of j and 40.
20
Let v(z) = -z**3 + 10*z**2 + 2*z - 6. Let n be v(9). Calculate the highest common divisor of 31 and n.
31
Suppose 66 = 5*f - 94. Let b = 9 - 9. Suppose m + 0*m - f = b. What is the greatest common factor of 8 and m?
8
Let h = 827 + -246. What is the highest common factor of 7 and h?
7
Let w(o) = -o**2 - o + 8. Let k be w(0). Suppose 0 = -v + k + 2. Suppose -3*n = 4 - v. What is the highest common factor of n and 1?
1
Suppose 3*n + 14*o - 12*o - 15 = 0, -5*o = -n + 5. What is the greatest common factor of 265 and n?
5
Let q(l) = -18*l - 9. Let k be q(-6). Let g be 18/(-8)*(-8)/3. Suppose -3*u + g = 0, 2*p + 5*u + 12 = 4*p. Calculate the greatest common divisor of k and p.
11
Suppose 45 = 3*m + 18. Calculate the highest common divisor of 81 and m.
9
Let i(s) = 2 + 12*